{"id":1242,"date":"2025-04-15T22:03:16","date_gmt":"2025-04-15T22:03:16","guid":{"rendered":"https:\/\/eventrent.az\/?post_type=product&#038;p=1242"},"modified":"2025-04-28T08:22:32","modified_gmt":"2025-04-28T08:22:32","slug":"p2-9-led-monitorlar","status":"publish","type":"product","link":"https:\/\/eventrent.az\/index.php\/product\/p2-9-led-monitorlar\/","title":{"rendered":"P2.9 LED monitorlar"},"content":{"rendered":"","protected":false},"excerpt":{"rendered":"<p class=\"\" data-start=\"126\" data-end=\"470\"><strong data-start=\"126\" data-end=\"470\">&#8220;T\u0259dbiriniz\u0259 y\u00fcks\u0259k keyfiyy\u0259tli vizual h\u0259ll\u0259r t\u0259qdim edin! P2.9 LED monitorlar\u0131m\u0131z parlaq v\u0259 k\u0259skin g\u00f6r\u00fcnt\u00fc keyfiyy\u0259ti il\u0259 diqq\u0259t \u00e7\u0259kir v\u0259 h\u0259m qapal\u0131 m\u0259kan t\u0259dbirl\u0259ri, h\u0259m d\u0259 s\u0259hn\u0259 qurulu\u015flar\u0131 \u00fc\u00e7\u00fcn ideald\u0131r. Modul \u0259sasl\u0131 qurulu\u015fu say\u0259sind\u0259 m\u00fcxt\u0259lif \u00f6l\u00e7\u00fcl\u0259rd\u0259 qura\u015fd\u0131rmaq m\u00fcmk\u00fcnd\u00fcr. A\u015fa\u011f\u0131da \u0259sas texniki g\u00f6st\u0259ricil\u0259rl\u0259 tan\u0131\u015f ola bil\u0259rsiniz:&#8221;<\/strong><\/p>\n<p class=\"\" data-start=\"472\" data-end=\"983\">\ud83d\udd39 <strong data-start=\"475\" data-end=\"493\">Piksel \u00f6l\u00e7\u00fcs\u00fc:<\/strong> 2.9 mm<br data-start=\"500\" data-end=\"503\" \/>\ud83d\udd39 <strong data-start=\"506\" data-end=\"523\">Modul \u00f6l\u00e7\u00fcs\u00fc:<\/strong> 250 mm x 250 mm<br data-start=\"539\" data-end=\"542\" \/>\ud83d\udd39 <strong data-start=\"545\" data-end=\"572\">Panel \u00f6l\u00e7\u00fcs\u00fc (kabinet):<\/strong> 500 mm x 500 mm<br data-start=\"588\" data-end=\"591\" \/>\ud83d\udd39 <strong data-start=\"594\" data-end=\"608\">Parlaql\u0131q:<\/strong> 1000\u20131200 nit<br data-start=\"622\" data-end=\"625\" \/>\ud83d\udd39 <strong data-start=\"628\" data-end=\"650\">Yenil\u0259nm\u0259 tezliyi:<\/strong> \u22653840 Hz<br data-start=\"659\" data-end=\"662\" \/>\ud83d\udd39 <strong data-start=\"665\" data-end=\"693\">Q\u0259tnam\u0259 (Pixel Density):<\/strong> ~112,896 px\/m\u00b2<br data-start=\"708\" data-end=\"711\" \/>\ud83d\udd39 <strong data-start=\"714\" data-end=\"733\">G\u00f6r\u00fcnt\u00fc buca\u011f\u0131:<\/strong> \u2265140\u00b0 (\u015faquli v\u0259 \u00fcf\u00fcqi)<br data-start=\"757\" data-end=\"760\" \/>\ud83d\udd39 <strong data-start=\"763\" data-end=\"785\">\u0130stifad\u0259 sah\u0259l\u0259ri:<\/strong> Konfranslar, t\u0259qdimatlar, moda n\u00fcmayi\u015fl\u0259ri, konsertl\u0259r, toy v\u0259 korporativ t\u0259dbirl\u0259r<br data-start=\"869\" data-end=\"872\" \/>\ud83d\udd39 <strong data-start=\"875\" data-end=\"890\">Qura\u015fd\u0131rma:<\/strong> Asma v\u0259 ya dayaq \u00fcz\u0259rind\u0259 montaj imkan\u0131<br data-start=\"930\" data-end=\"933\" \/>\ud83d\udd39 <strong data-start=\"936\" data-end=\"949\">\u0130stifad\u0259:<\/strong> Yaln\u0131z qapal\u0131 m\u0259kan \u00fc\u00e7\u00fcn (indoor)<\/p>\n","protected":false},"featured_media":1245,"comment_status":"open","ping_status":"closed","template":"","meta":[],"product_brand":[],"product_cat":[54],"product_tag":[],"class_list":{"0":"post-1242","1":"product","2":"type-product","3":"status-publish","4":"has-post-thumbnail","6":"product_cat-led-monitor","8":"first","9":"instock","10":"shipping-taxable","11":"product-type-external"},"_links":{"self":[{"href":"https:\/\/eventrent.az\/index.php\/wp-json\/wp\/v2\/product\/1242","targetHints":{"allow":["GET"]}}],"collection":[{"href":"https:\/\/eventrent.az\/index.php\/wp-json\/wp\/v2\/product"}],"about":[{"href":"https:\/\/eventrent.az\/index.php\/wp-json\/wp\/v2\/types\/product"}],"replies":[{"embeddable":true,"href":"https:\/\/eventrent.az\/index.php\/wp-json\/wp\/v2\/comments?post=1242"}],"wp:featuredmedia":[{"embeddable":true,"href":"https:\/\/eventrent.az\/index.php\/wp-json\/wp\/v2\/media\/1245"}],"wp:attachment":[{"href":"https:\/\/eventrent.az\/index.php\/wp-json\/wp\/v2\/media?parent=1242"}],"wp:term":[{"taxonomy":"product_brand","embeddable":true,"href":"https:\/\/eventrent.az\/index.php\/wp-json\/wp\/v2\/product_brand?post=1242"},{"taxonomy":"product_cat","embeddable":true,"href":"https:\/\/eventrent.az\/index.php\/wp-json\/wp\/v2\/product_cat?post=1242"},{"taxonomy":"product_tag","embeddable":true,"href":"https:\/\/eventrent.az\/index.php\/wp-json\/wp\/v2\/product_tag?post=1242"}],"curies":[{"name":"wp","href":"https:\/\/api.w.org\/{rel}","templated":true}]}}