{"id":1222,"date":"2025-04-15T21:21:09","date_gmt":"2025-04-15T21:21:09","guid":{"rendered":"https:\/\/eventrent.az\/?post_type=product&#038;p=1222"},"modified":"2025-05-06T07:00:51","modified_gmt":"2025-05-06T07:00:51","slug":"chadir-10m-x-10m-cha004","status":"publish","type":"product","link":"https:\/\/eventrent.az\/index.php\/product\/chadir-10m-x-10m-cha004\/","title":{"rendered":"\u00c7ad\u0131r 10m x 10m &#8211; CHA004"},"content":{"rendered":"","protected":false},"excerpt":{"rendered":"<p>Forma v\u0259 \u00f6l\u00e7\u00fcl\u0259r: 10*10m<br \/>\n\u018fsas forma: kvadrat.<br \/>\nGiri\u015f ta\u011f\u0131n\u0131n (dayaqlar\u0131n) h\u00fcnd\u00fcrl\u00fcy\u00fc: 4,5 m.<br \/>\nZirv\u0259 h\u00fcnd\u00fcrl\u00fcy\u00fc: 5,5 m.<br \/>\n\u00c7\u0259kisi v\u0259 tutumu:<br \/>\nKonstruksiyan\u0131n \u00e7\u0259kisi: 1450 kq.<br \/>\nTutumu: 65 n\u0259f\u0259r.<br \/>\nMateriallar:<br \/>\n\u00c7\u0259r\u00e7iv\u0259: y\u00fcks\u0259k keyfiyy\u0259tli qal\u0131n divarl\u0131 sinkl\u0259nmi\u015f polad.<br \/>\n\u0130sti sinkl\u0259m\u0259: \u0413\u041e\u0421\u0422 9.307-2021 standart\u0131na uy\u011fun, \u00f6rt\u00fck qal\u0131nl\u0131\u011f\u0131: 120-150 mkm.<br \/>\nTente material\u0131:<br \/>\nSertifikatla\u015fd\u0131r\u0131lm\u0131\u015f PVC material\u0131, s\u0131xl\u0131q: 640 qr\/m\u00b2.<br \/>\nC\u00fct qatl\u0131 lak-boya \u00f6rt\u00fcy\u00fc.<br \/>\nYan\u011f\u0131n t\u0259hl\u00fck\u0259sizliyi sinfi: G1.<br \/>\nUV-\u015f\u00fcalara davaml\u0131, ekoloji t\u0259miz material.<br \/>\nTemperatur davaml\u0131l\u0131\u011f\u0131: -40\u00b0C-d\u0259n +70\u00b0C-y\u0259 q\u0259d\u0259r.<br \/>\nY\u00fckl\u0259m\u0259 x\u00fcsusiyy\u0259tl\u0259ri:<br \/>\nK\u00fcl\u0259k y\u00fckl\u0259nm\u0259si: 24 m\/s-\u0259 q\u0259d\u0259r.<br \/>\nQar y\u00fckl\u0259nm\u0259si: 80 kq\/m\u00b2-\u0259 q\u0259d\u0259r.<br \/>\nTa\u011fa maksimum y\u00fckl\u0259nm\u0259: 24\u00a0kq\/paqon\u00a0metr.<\/p>\n","protected":false},"featured_media":1483,"comment_status":"open","ping_status":"closed","template":"","meta":[],"product_brand":[],"product_cat":[62],"product_tag":[],"class_list":{"0":"post-1222","1":"product","2":"type-product","3":"status-publish","4":"has-post-thumbnail","6":"product_cat-chadir","8":"first","9":"instock","10":"shipping-taxable","11":"product-type-external"},"_links":{"self":[{"href":"https:\/\/eventrent.az\/index.php\/wp-json\/wp\/v2\/product\/1222","targetHints":{"allow":["GET"]}}],"collection":[{"href":"https:\/\/eventrent.az\/index.php\/wp-json\/wp\/v2\/product"}],"about":[{"href":"https:\/\/eventrent.az\/index.php\/wp-json\/wp\/v2\/types\/product"}],"replies":[{"embeddable":true,"href":"https:\/\/eventrent.az\/index.php\/wp-json\/wp\/v2\/comments?post=1222"}],"wp:featuredmedia":[{"embeddable":true,"href":"https:\/\/eventrent.az\/index.php\/wp-json\/wp\/v2\/media\/1483"}],"wp:attachment":[{"href":"https:\/\/eventrent.az\/index.php\/wp-json\/wp\/v2\/media?parent=1222"}],"wp:term":[{"taxonomy":"product_brand","embeddable":true,"href":"https:\/\/eventrent.az\/index.php\/wp-json\/wp\/v2\/product_brand?post=1222"},{"taxonomy":"product_cat","embeddable":true,"href":"https:\/\/eventrent.az\/index.php\/wp-json\/wp\/v2\/product_cat?post=1222"},{"taxonomy":"product_tag","embeddable":true,"href":"https:\/\/eventrent.az\/index.php\/wp-json\/wp\/v2\/product_tag?post=1222"}],"curies":[{"name":"wp","href":"https:\/\/api.w.org\/{rel}","templated":true}]}}